4?
-3
Convert 3 (base 10) to base 4.
3
2301 (base 4) to base 10
177
25 (base 6) to base 10
17
What is 12 (base 6) in base 14?
8
3 (base 8) to base 16
3
Convert 14 (base 11) to base 14.
11
3 (base 11) to base 4
3
What is 4 (base 7) in base 16?
4
What is -2 (base 9) in base 16?
-2
What is -1 (base 14) in base 2?
-1
10 (base 16) to base 2
10000
Convert 211 (base 9) to base 11.
147
Convert 14 (base 5) to base 13.
9
3 (base 11) to base 5
3
Convert -111 (base 3) to base 9.
-14
3 (base 5) to base 6
3
Convert -4 (base 9) to base 5.
-4
What is -4 (base 15) in base 2?
-100
-3 (base 4) to base 10
-3
What is -10 (base 5) in base 11?
-5
Convert 3 (base 6) to base 13.
3
Convert -20 (base 4) to base 11.
-8
Convert -13 (base 6) to base 14.
-9
301 (base 8) to base 15
cd
What is -21 (base 3) in base 10?
-7
Convert -53 (base 10) to base 13.
-41
Convert 52 (base 11) to base 2.
111001
Convert -34 (base 12) to base 15.
-2a
What is -4 (base 7) in base 5?
-4
-11 (base 7) to base 11
-8
57 (base 11) to base 3
2022
1 (base 13) to base 6
1
What is 5 (base 11) in base 2?
101
-66 (base 9) to base 16
-3c
2 (base 6) to base 15
2
Convert -9a (base 13) to base 12.
-a7
-4 (base 6) to base 13
-4
Convert 332 (base 8) to base 10.
218
Convert -2 (base 11) to base 14.
-2
What is 0 (base 2) in base 5?
0
Convert -1 (base 5) to base 10.
-1
Convert -40 (base 5) to base 2.
-10100
What is 123 (base 4) in base 8?
33
What is -3 (base 11) in base 5?
-3
What is -9 (base 13) in base 11?
-9
Convert -1 (base 12) to base 16.
-1
What is 277 (base 9) in base 16?
e8
-22 (base 7) to base 15
-11
Convert -8 (base 13) to base 14.
-8
404 (base 6) to base 12
104
Convert 1 (base 4) to base 13.
1
What is -110100 (base 2) in base 13?
-40
4 (base 8) to base 11
4
Convert 151 (base 10) to base 4.
2113
Convert -b6 (base 14) to base 2.
-10100000
What is -10 (base 2) in base 7?
-2
Convert -9 (base 14) to base 2.
-1001
Convert -4 (base 13) to base 14.
-4
7 (base 16) to base 14
7
What is 28 (base 16) in base 11?
37
Convert 1 (base 9) to base 5.
1
106 (base 9) to base 7
153
What is -5 (base 11) in base 5?
-10
What is -3 (base 5) in base 12?
-3
-8 (base 9) to base 7
-11
Convert 126 (base 14) to base 12.
172
Convert 2011 (base 3) to base 15.
3d
What is 141 (base 5) in base 3?
1201
3 (base 9) to base 4
3
Convert -7 (base 8) to base 13.
-7
What is -50 (base 6) in base 15?
-20
11 (base 7) to base 5
13
What is 1010100 (base 2) in base 13?
66
Convert -160 (base 7) to base 8.
-133
What is 3 (base 14) in base 12?
3
Convert -10111 (base 3) to base 5.
-334
Convert -32 (base 8) to base 9.
-28
Convert -6 (base 7) to base 14.
-6
Convert -12 (base 10) to base 8.
-14
What is -3 (base 6) in base 10?
-3
Convert 273 (base 8) to base 6.
511
What is 2 (base 6) in base 2?
10
7 (base 12) to base 4
13
What is -2e (base 15) in base 7?
-62
3 (base 5) to base 8
3
Convert -a5 (base 11) to base 7.
-223
100 (base 9) to base 4
1101
-63 (base 14) to base 2
-1010111
Convert 6 (base 13) to base 15.
6
What is 1 (base 15) in base 6?
1
What is 2 (base 10) in base 5?
2
What is 231 (base 7) in base 2?
1111000
What is -203 (base 10) in base 14?
-107
Convert -4 (base 7) to base 8.
-4
What is -24 (base 10) in base 3?
-220
Convert 33 (base 5) to base 2.
10010
What is -1b4 (base 12) in base 16?
-118
Convert 12a (base 14) to base 12.
176
4 (base 13) to base 6
4
4 (base 14) to base 13
4
6 (base 8) to base 3
20
10 (base 4) to base 9
4
What is -212 (base 5) in base 16?
-39
Convert -18 (base 16) to base 11.
-22
Convert 0 (base 4) to base 6.
0
What is -477 (base 8) in base 9?
-384
Convert -1 (base 10) to base 5.
-1
-47 (base 11) to base 3
-1220
What is -10 (base 14) in base 11?
-13
-242 (base 6) to base 8
-142
What is -4 (base 7) in base 14?
-4
What is 6 (base 14) in base 6?
10
What is 10b (base 13) in base 10?
180
What is -13 (base 5) in base 2?
-1000
-6 (base 15) to base 10
-6
-15 (base 15) to base 2
-10100
Convert -21 (base 5) to base 3.
-102
98 (base 15) to base 6
355
Convert 2 (base 5) to base 14.
2
Convert 10 (base 3) to base 6.
3
What is 28 (base 13) in base 4?
202
Convert a (base 15) to base 2.
1010
Convert 1030 (base 4) to base 14.
56
55 (base 13) to base 16
46
What is -51 (base 6) in base 9?
-34
What is -123 (base 5) in base 4?
-212
What is -3 (base 16) in base 9?
-3
1 (base 15) to base 9
1
12a (base 15) to base 4
10021
-4 (base 12) to base 14
-4
What is 234 (base 5) in base 11?
63
Convert -2 (base 4) to base 15.
-2
-9 (base 15) to base 10
-9
-7 (base 8) to base 14
-7
Convert -1a (base 12) to base 6.
-34
b (base 15) to base 7
14
Convert 11 (base 8) to base 4.
21
Convert -1010 (base 3) to base 16.
-1e
Convert 0 (base 13) to base 8.
0
Convert -163 (base 7) to base 15.
-64
a (base 12) to base 8
12
Convert 54 (base 8) to base 10.
44
Convert -7 (base 11) to base 13.
-7
What is 1 (base 3) in base 5?
1
What is 4 (base 15) in base 9?
4
Convert -2 (base 15) to base 16.
-2
d (base 16) to base 11
12
What is 123 (base 11) in base 8?
222
Convert 3 (base 14) to base 12.
3
2 (base 7) to base 16
2
-66 (base 11) to base 10
-72
0 (base 10) to base 13
0
Convert 4 (base 10) to base 9.
4
What is 144 (base 6) in base 14?
48
What is 26 (base 14) in base 7?
46
-224 (base 11) to base 12
-1a4
12211 (base 3) to base 14
b3
-c5 (base 13) to base 9
-188
What is -3 (base 9) in base 6?
-3
What is -10 (base 3) in base 11?
-3
1 (base 13) to base 6
1
Convert d9 (base 15) to base 10.
204
Convert -12 (base 10) to base 6.
-20
Convert 102 (base 4) to base 7.
24
What is -26 (base 9) in base 14?
-1a
What is -23 (base 4) in base 10?
-11
Convert 3031 (base 4) to base 16.
cd
What is -9 (base 10) in base 15?
-9
323 (base 4) to base 7
113
-1 (base 4) to base 8
-1
What is 11 (base 8) in base 9?
10
Convert -20 (base 3) to base 5.
-11
-22 (base 7) to base 9
-17
-5 (base 6) to base 14
-5
What is 111010 (base 2) in base 12?
4a
What is 0 (base 4) in base 10?
0
99 (base 12) to base 13
90
What is 13 (base 7) in base 15?
a
68 (base 11) to base 12
62
Convert 101 (base 2) to base 7.
5
e (base 16) to base 4
32
-2 (base 9) to base 2
-10
10 (base 11) to base 13
b
What is 1 (base 10) in base 2?
1
What is -10 (base 9) in base 4?
-21
-11 (base 7) to base 5
-13
Convert 5 (base 6) to base 12.
5
Convert 43 (base 13) to base 3.
2001
Convert -17 (base 9) to base 13.
-13
What is 4 (base 16) in base 5?
4
What is -5 (base 14) in base 9?
-5
15 (base 11) to base 9
17
What is -2 (base 11) in base 5?
-2
1231 (base 4) to base 7
214
Convert 11 (base 6) to base 14.
7
Convert 46 (base 14) to base 8.
76
Convert 27 (base 16) to base 9.
43
Convert 0 (base 8) to base 10.
0
Convert -83 (base 13) to base 9.
-128
Convert -31 (base 7) to base 5.
-42
What is 100 (base 3) in base 11?
9
What is -1 (base 2) in base 12?
-1
What is -21 (base 5) in base 2?
-1011
-14 (base 8) to base 14
-c
What is -9 (base 12) in base 3?
-100
What is -1 (base 14) in base 6?
-1
Convert 20 (base 6) to base 7.
15
What is -10 (base 4) in base 5?
-4
3 (base 5) to base 15
3
-86 (base 14) to base 2
-1110110
1 (base 10) to base 6
1
Convert -4 (base 5) to base 7.
-4
Convert -1 (base 14) to base 15.
-1
-1001 (base 2) to base 10
-9
-7 (base 16) to base 12
-7
Convert 423 (base 6) to base 5.
1114
Convert -1a (base 16) to base 15.
-1b
Convert 10a (base 12) to base 11.
130
-327 (base 8) to base 6
-555
What is -44 (base 6) in base 10?
-28
Convert -1b (base 13) to base 6.
-40
Convert -19 (base 10) to base 12.
-17
3 (base 12) to base 3
10
Convert -10 (base 7) to base 16.
-7
What is -16 (base 9) in base 5?
-30
Convert 20 (base 5) to base 7.
13
Convert 2 (base 8) to base 4.
2
Convert 22 (base 6) to base 4.
32
Convert 40 (base 14) to base 13.
44
What is 1 (base 12) in base 4?
1
-20 (base 3) to base 7
-6
Convert 6 (base 14) to base 12.
6
What is -206 (base 10) in base 4?
-3032
-1000 (base 2) to base 15
-8
2 (base 5) to base 14
2
What is -20 (base 3) in base 6?
-10
3 (base 6) to base 12
3
71 (base 12) to base 9
104
Convert -1220 (base 3) to base 6.
-123
1 (base 6) to base 12
1
-10110 (base 2) to base 4
-112
-221 (base 3) to base 9
-27
What is -34 (base 8) in base 12?
-24
Convert 41 (base 11) to base 7.
63
What is -4 (base 16) in base 5?
-4
What is 0 (base 5) in base 14?
0
3 (base 13) to base 4
3
What is 3 (base 16) in base 12?
3
What is -20 (base 3) in base 16?
-6
11 (base 5) to base